{"id":27,"date":"2025-07-01T14:12:08","date_gmt":"2025-07-01T12:12:08","guid":{"rendered":"https:\/\/agentkastrategii.pl\/?page_id=27"},"modified":"2025-07-01T14:23:54","modified_gmt":"2025-07-01T12:23:54","slug":"jak-pomagam","status":"publish","type":"page","link":"https:\/\/agentkastrategii.pl\/?page_id=27","title":{"rendered":"Jak pomagam?"},"content":{"rendered":"\n<p>Moja praca opiera si\u0119 na czterech filarach<\/p>\n\n\n\n<div class=\"wp-block-group is-vertical is-layout-flex wp-container-core-group-is-layout-fe9cc265 wp-block-group-is-layout-flex\">\n<div class=\"wp-block-group is-layout-constrained wp-block-group-is-layout-constrained\">\n<p><\/p>\n\n\n\n<div class=\"wp-block-group is-layout-constrained wp-block-group-is-layout-constrained\">\n<div class=\"wp-block-buttons is-content-justification-right is-layout-flex wp-container-core-buttons-is-layout-d445cf74 wp-block-buttons-is-layout-flex\">\n<div class=\"wp-block-button has-custom-width wp-block-button__width-100\"><a class=\"wp-block-button__link has-custom-color-4-background-color has-background has-small-font-size has-custom-font-size wp-element-button\"><strong>Bezpiecze\u0144stwo finansowe Twoje i Twoich bliskich<\/strong><\/a><\/div>\n\n\n\n<div class=\"wp-block-button has-custom-width wp-block-button__width-100 is-style-fill\"><a class=\"wp-block-button__link has-custom-color-4-background-color has-background has-small-font-size has-text-align-center has-custom-font-size wp-element-button\"><strong>Zabezpieczenie biznesu i jego ci\u0105g\u0142o\u015bci<\/strong> <\/a><\/div>\n\n\n\n<div class=\"wp-block-button has-custom-width wp-block-button__width-100 is-style-fill\"><a class=\"wp-block-button__link has-custom-color-4-background-color has-background has-small-font-size has-custom-font-size wp-element-button\"><strong>Rozwi\u0105zania dopasowane do bran\u017cy beauty i wellnes<\/strong>s  <\/a><\/div>\n<\/div>\n\n\n\n<div class=\"wp-block-buttons is-layout-flex wp-block-buttons-is-layout-flex\">\n<div class=\"wp-block-button has-custom-width wp-block-button__width-100 is-style-fill\"><a class=\"wp-block-button__link has-custom-color-4-background-color has-background wp-element-button\"><strong>Zabezpieczenie przysz\u0142o\u015bci \u2013 dodatkowe \u015brodki na emerytur\u0119<\/strong><\/a><\/div>\n<\/div>\n\n\n\n<p><strong>Bezpiecze\u0144stwo finansowe Twoje i Twoich bliskich<\/strong><br>To planowanie i wdra\u017canie rozwi\u0105za\u0144, kt\u00f3re pozwol\u0105 Tobie i Twojej rodzinie zachowa\u0107 stabilno\u015b\u0107 finansow\u0105 w trudnych sytuacjach \u2013 takich jak choroba, wypadek, niezdolno\u015b\u0107 do pracy czy nag\u0142a \u015bmier\u0107. Obejmuje:<\/p>\n\n\n\n<ul class=\"wp-block-list\">\n<li><strong>Zabezpieczenie dochodu<\/strong> \u2013 by w razie niezdolno\u015bci do pracy utrzyma\u0107 standard \u017cycia,<\/li>\n\n\n\n<li><strong>Wsparcie dla bliskich<\/strong> \u2013 \u015brodki, kt\u00f3re zapewni\u0105 rodzinie p\u0142ynno\u015b\u0107 finansow\u0105, je\u015bli Ciebie zabraknie,<\/li>\n\n\n\n<li><strong>Pokrycie koszt\u00f3w leczenia i rehabilitacji<\/strong> \u2013 by nag\u0142e zdarzenia nie wymusi\u0142y sprzeda\u017cy maj\u0105tku lub zaci\u0105gania d\u0142ug\u00f3w.<\/li>\n<\/ul>\n\n\n\n<p>Bezpiecze\u0144stwo finansowe to nie tylko polisa \u2013 to strategia, kt\u00f3ra daje Ci pewno\u015b\u0107, \u017ce niezale\u017cnie od okoliczno\u015bci Ty i Twoi bliscy b\u0119dziecie mogli spokojnie patrze\u0107 w przysz\u0142o\u015b\u0107.<\/p>\n<\/div>\n<\/div>\n\n\n\n<div class=\"wp-block-group is-layout-constrained wp-block-group-is-layout-constrained\">\n<p><strong>Zabezpieczenie biznesu i jego ci\u0105g\u0142o\u015bci<\/strong><br>To kompleksowy plan, kt\u00f3ry chroni Tw\u00f3j biznes przed skutkami nieprzewidzianych zdarze\u0144, takich jak wypadki, choroby w\u0142a\u015bciciela, szkody w lokalu czy roszczenia os\u00f3b trzecich. Zabezpieczenie ci\u0105g\u0142o\u015bci obejmuje:<\/p>\n\n\n\n<ul class=\"wp-block-list\">\n<li><strong>Polisy na \u017cycie i zdrowie w\u0142a\u015bciciela lub kluczowych os\u00f3b<\/strong>, kt\u00f3re pozwol\u0105 utrzyma\u0107 firm\u0119 w razie ich nieobecno\u015bci,<\/li>\n\n\n\n<li><strong>Ubezpieczenia maj\u0105tku firmowego<\/strong>, w tym sprz\u0119tu, wyposa\u017cenia i lokalu \u2013 na wypadek kradzie\u017cy, po\u017caru czy zalania,<\/li>\n\n\n\n<li><strong>Ochron\u0119 od odpowiedzialno\u015bci cywilnej<\/strong>, by chroni\u0107 Tw\u00f3j maj\u0105tek prywatny i firmowy w razie roszcze\u0144 ze strony klient\u00f3w lub pracownik\u00f3w.<\/li>\n<\/ul>\n\n\n\n<p>Dzi\u0119ki temu nawet w obliczu kryzysu firma mo\u017ce kontynuowa\u0107 dzia\u0142alno\u015b\u0107 bez parali\u017cu finansowego.<\/p>\n<\/div>\n\n\n\n<div class=\"wp-block-group is-layout-constrained wp-block-group-is-layout-constrained\">\n<p><strong>Rozwi\u0105zania dopasowane do bran\u017cy beauty i wellness<\/strong><br>Specjalistyczne ubezpieczenia, kt\u00f3re uwzgl\u0119dniaj\u0105 realia i ryzyka typowe dla bran\u017cy beauty, wellness i us\u0142ug manualnych. Oferuj\u0119:<\/p>\n\n\n\n<ul class=\"wp-block-list\">\n<li><strong>Polisy OC zawodowej i w \u017cyciu prywatnym<\/strong>, kt\u00f3re chroni\u0105 Ci\u0119 przed kosztami ewentualnych b\u0142\u0119d\u00f3w lub szk\u00f3d wyrz\u0105dzonych klientom,<\/li>\n\n\n\n<li><strong>Ubezpieczenia sprz\u0119tu kosmetycznego i medycznego<\/strong>, by Tw\u00f3j gabinet m\u00f3g\u0142 szybko wr\u00f3ci\u0107 do pracy po awarii czy zniszczeniu,<\/li>\n\n\n\n<li><strong>Plany zabezpieczenia w\u0142a\u015bciciela<\/strong>, kt\u00f3re zapewni\u0105 Ci doch\u00f3d i pokryj\u0105 sta\u0142e koszty firmy w razie d\u0142u\u017cszej nieobecno\u015bci z powodu choroby czy wypadku.<\/li>\n<\/ul>\n\n\n\n<p>Dzi\u0119ki temu mo\u017cesz skupi\u0107 si\u0119 na tym, co robisz najlepiej \u2013 dbaniu o innych \u2013 maj\u0105c pewno\u015b\u0107, \u017ce Tw\u00f3j biznes jest chroniony na ka\u017cd\u0105 okoliczno\u015b\u0107.<\/p>\n<\/div>\n<\/div>\n\n\n\n<p><strong>Zabezpieczenie przysz\u0142o\u015bci \u2013 dodatkowe \u015brodki na emerytur\u0119<\/strong><br>To \u015bwiadome budowanie kapita\u0142u, kt\u00f3ry pozwoli Ci zachowa\u0107 niezale\u017cno\u015b\u0107 finansow\u0105 i utrzyma\u0107 dotychczasowy standard \u017cycia tak\u017ce wtedy, gdy zdecydujesz si\u0119 przej\u015b\u0107 na emerytur\u0119. W praktyce obejmuje:<\/p>\n\n\n\n<ul class=\"wp-block-list\">\n<li><strong>Indywidualne plany oszcz\u0119dno\u015bciowe<\/strong>, kt\u00f3re pozwalaj\u0105 gromadzi\u0107 \u015brodki z my\u015bl\u0105 o przysz\u0142o\u015bci, korzystaj\u0105c z ulg podatkowych i dopasowanych do Twoich mo\u017cliwo\u015bci sk\u0142adek,<\/li>\n\n\n\n<li><strong>Rozwi\u0105zania inwestycyjne powi\u0105zane z ubezpieczeniem<\/strong>, kt\u00f3re nie tylko chroni\u0105, ale te\u017c pomna\u017caj\u0105 Tw\u00f3j kapita\u0142,<\/li>\n\n\n\n<li><strong>Strategie sukcesji<\/strong>, by Tw\u00f3j dorobek m\u00f3g\u0142 sta\u0107 si\u0119 solidnym wsparciem dla kolejnych pokole\u0144 lub pozwoli\u0142 Ci zrealizowa\u0107 marzenia, na kt\u00f3re dzi\u015b nie ma przestrzeni.<\/li>\n<\/ul>\n\n\n\n<p>Dzi\u0119ki temu zamiast martwi\u0107 si\u0119 o emerytur\u0119, mo\u017cesz planowa\u0107 j\u0105 jak najlepszy etap swojego \u017cycia \u2013 z poczuciem bezpiecze\u0144stwa i wolno\u015bci wyboru.<\/p>\n","protected":false},"excerpt":{"rendered":"<p>Moja praca opiera si\u0119 na czterech filarach Bezpiecze\u0144stwo finansowe Twoje i Twoich bliskichTo planowanie i wdra\u017canie rozwi\u0105za\u0144, kt\u00f3re pozwol\u0105 Tobie i Twojej rodzinie zachowa\u0107 stabilno\u015b\u0107 finansow\u0105 w trudnych sytuacjach \u2013 takich jak choroba, wypadek, niezdolno\u015b\u0107 do pracy czy nag\u0142a \u015bmier\u0107. Obejmuje: Bezpiecze\u0144stwo finansowe to nie tylko polisa \u2013 to strategia, kt\u00f3ra daje Ci pewno\u015b\u0107, \u017ce [&hellip;]<\/p>\n","protected":false},"author":1,"featured_media":0,"parent":0,"menu_order":0,"comment_status":"closed","ping_status":"closed","template":"","meta":{"_kadence_starter_templates_imported_post":false,"footnotes":""},"class_list":["post-27","page","type-page","status-publish","hentry"],"_links":{"self":[{"href":"https:\/\/agentkastrategii.pl\/index.php?rest_route=\/wp\/v2\/pages\/27","targetHints":{"allow":["GET"]}}],"collection":[{"href":"https:\/\/agentkastrategii.pl\/index.php?rest_route=\/wp\/v2\/pages"}],"about":[{"href":"https:\/\/agentkastrategii.pl\/index.php?rest_route=\/wp\/v2\/types\/page"}],"author":[{"embeddable":true,"href":"https:\/\/agentkastrategii.pl\/index.php?rest_route=\/wp\/v2\/users\/1"}],"replies":[{"embeddable":true,"href":"https:\/\/agentkastrategii.pl\/index.php?rest_route=%2Fwp%2Fv2%2Fcomments&post=27"}],"version-history":[{"count":4,"href":"https:\/\/agentkastrategii.pl\/index.php?rest_route=\/wp\/v2\/pages\/27\/revisions"}],"predecessor-version":[{"id":33,"href":"https:\/\/agentkastrategii.pl\/index.php?rest_route=\/wp\/v2\/pages\/27\/revisions\/33"}],"wp:attachment":[{"href":"https:\/\/agentkastrategii.pl\/index.php?rest_route=%2Fwp%2Fv2%2Fmedia&parent=27"}],"curies":[{"name":"wp","href":"https:\/\/api.w.org\/{rel}","templated":true}]}}